ors of v?
2, 5
Suppose 0 = 14*x - 167 - 2731. List the prime factors of x.
3, 23
Suppose 0 = -t + 59 - 18. List the prime factors of t.
41
Suppose 23 = 2*k - 233. What are the prime factors of k?
2
Let l = -19 + 74. Let v = -33 + l. What are the prime factors of v?
2, 11
Let h = 83 + -57. Let v(l) = l**2 + 3*l - 9. Let o be v(6). Let a = o - h. What are the prime factors of a?
19
Let c = -107 - -189. List the prime factors of c.
2, 41
Let d(n) = n**2 - 4*n + 3. Let f = -4 + 8. Let y be d(f). Let m = 2 + y. What are the prime factors of m?
5
Let h(y) = -9*y - 6. Let d be h(6). Let z = d - -105. Suppose j + z = 4*j. What are the prime factors of j?
3, 5
Let n be (-7)/(-2) + (-4)/(-8). Suppose -d + 58 = 2*q, -4*d + 18 = n*q - 98. Let h = q + -14. What are the prime factors of h?
3, 5
Suppose -272 = -0*c - 2*c - 4*h, 0 = -5*h - 20. What are the prime factors of c?
2, 3
Suppose -170 = -3*k + 5*w, k - 125 = -k + w. List the prime factors of k.
5, 13
Let b(k) = 13*k - 4. Let v be b(8). Suppose 5*i - 3*u - v = 0, -71 = -2*i - 6*u + u. List the prime factors of i.
23
Let m be ((-2)/4)/((-3)/12). Suppose -3*q = -m*q - 13. List the prime factors of q.
13
Suppose f - 2*u = -5*u, u = 3*f. Suppose 2*q = -3*q + 10. Suppose 2*d + q*d - 44 = f. What are the prime factors of d?
11
Let q = 1 + 0. Let t = q + 2. Suppose -2 = -t*v + 34. List the prime factors of v.
2, 3
Let x(l) = 2*l - 3 - 6 + 1. Let y be x(7). Let q = 0 + y. List the prime factors of q.
2, 3
Let n = -3 - -7. Suppose -51 = -5*w - 2*h, 18 = 3*w - n*h + h. Let q = w - 4. List the prime factors of q.
5
Let o(t) = t + 16. Let x be 6/(-15) - (-6)/15. List the prime factors of o(x).
2
Suppose -1 = 3*l - 5*f - 78, -f + 2 = 0. Let m = 17 - l. Let w = -2 - m. What are the prime factors of w?
2, 5
Suppose 9 = 4*p + 1. Suppose 0 = -p*t - t + 57. List the prime factors of t.
19
Let u = 17 + -6. Suppose 0 = 4*z + 2*h + u - 27, 3*z - 4*h - 34 = 0. What are the prime factors of z?
2, 3
Let q(l) be the third derivative of l**4/12 - 5*l**3/6 - 3*l**2. Suppose 5*n - n - 4*r - 32 = 0, 0 = -5*n + 3*r + 38. What are the prime factors of q(n)?
3
Suppose -17 = 4*n + 4*k - 69, 5*n - 73 = 3*k. Let j be (16/n + -2)*7. What are the prime factors of (-22)/(-6) - 2/j?
2
List the prime factors of 4/(3 + -1)*(2 - -9).
2, 11
Let i(k) = 3*k + 13*k**3 - 1 + 2*k - 4*k + k**2. Let g be i(1). Let v = g + -8. List the prime factors of v.
2, 3
Suppose 0*u - 39 = -3*u. Let f = u - -2. Suppose 2*w = 35 - f. What are the prime factors of w?
2, 5
Let w(l) = 5*l - 10. List the prime factors of w(6).
2, 5
List the prime factors of 3050/45 - 4/(-18).
2, 17
Let b be (23*-2 - -3) + -1. Let r = -22 - b. List the prime factors of r.
2, 11
Let l = -55 + 90. Suppose -v = -2*v + 52. Let i = v - l. List the prime factors of i.
17
List the prime factors of 1/4 + (-621)/(-12).
2, 13
Let f be (-1)/(-3)*(2 + -5). Let v(i) be the third derivative of i**5/4 + i**3/6 - 3*i**2. What are the prime factors of v(f)?
2
Let s = -10 - -17. What are the prime factors of s?
7
Let b(q) = -q**3 + 9*q**2 + 3*q - 3. Let m be b(9). What are the prime factors of 582/14 - m/(-56)?
2, 3, 7
Suppose -3*g - 2*f = -0*f + 15, -4*f - 12 = 0. Suppose k = -3*k. Let b = k - g. What are the prime factors of b?
3
Let o be 3/1 + 1 + 121. Suppose 0 = -5*w + 4*m + o, -5*w + 42 = 5*m - 38. List the prime factors of w.
3, 7
Let b be (-6)/(-3)*(-1)/2. What are the prime factors of (2/b + 8)*1?
2, 3
Suppose u - 15 = -2*u. Suppose 0 = -0*o - o + u. List the prime factors of (-14)/o*15/(-3).
2, 7
Let w = 6 - 4. Suppose -4*k = -w*r + 10, -r = -k + 3*k - 9. Let s = 10 - r. What are the prime factors of s?
3
Let n be (-5)/((-10)/(-102)) + 1. Let b = -34 - n. List the prime factors of b.
2
Let a(j) = j - 8. Let t be a(6). Let n = t - -6. Suppose -4*c = n*o, -4*c - o + 2 = 2*o. What are the prime factors of c?
2
Suppose -4*k + 32 = 12, 2*k = -i + 63. List the prime factors of i.
53
Suppose 164 = 5*i + 19. What are the prime factors of i?
29
Let u(h) = -4*h**2 - 10*h + 9. Let k(s) = 3*s**2 + 10*s - 8. Let n(f) = 5*k(f) + 4*u(f). Let i be (-1)/(-4) - 31/(-4). What are the prime factors of n(i)?
2, 3
Let u(p) = -p**2 - 6*p - 4. Let v = 0 + -4. Let j be u(v). Suppose j*q - 22 = 5*w, -23 + 8 = -3*q + 3*w. What are the prime factors of q?
3
Let r(v) = -v - 2. Let f be r(-5). Suppose f*n = 4*s + 1, -n - 5*s + 9 = -23. What are the prime factors of n?
7
Let u(b) = -b**2 - 13*b + 31. List the prime factors of u(-13).
31
Suppose -15 = 5*f, -4*q + f = -f - 786. List the prime factors of q.
3, 5, 13
Suppose -2*p + 4*p - 5*m = 31, -4*p = -5*m - 47. List the prime factors of p.
2
Suppose -2*p = -5*p - 5*y + 31, -3*p + 5*y = 19. Suppose -p*d - 16 = -6*d. Suppose -3*z + 2*c + d = 0, 2 = z + 4*c - 4. What are the prime factors of z?
2
Suppose 4*t - 20 = 3*l + 18, 4*l = -t. Let a = -2 + t. List the prime factors of a.
2, 3
What are the prime factors of (7 - -11) + -1 + 0?
17
Let w(p) = 2*p**2 - 4*p. Let g be w(4). Let j = g + 24. List the prime factors of j.
2, 5
Let i be ((-2)/5)/((-1)/5). Suppose 3*n = -3*k + 21, 4*k - 3*n - 8 = -i*n. Suppose -k*q + 18 = -6. What are the prime factors of q?
2
Let i(j) = 2*j**2 - 2*j + 1. Let o be i(2). Suppose o*l - 20 = 240. Suppose 0 = -5*v - 2*z + l, 2*z + 68 = 4*v - 3*z. What are the prime factors of v?
2, 3
Let i be 1016/28 - 2/7. Let o be -1 - 1/(-1 + 0). Suppose -4*d + o*d + i = 0. What are the prime factors of d?
3
Let h = -22 - -57. List the prime factors of 113/7 - 5/h.
2
Suppose -1 = 2*k + 9, -4*u + 4*k = -40. Let b = -1 + u. Suppose z - b = 4. List the prime factors of z.
2
Let g = -5 + 3. Let o = 4 + g. What are the prime factors of o?
2
Suppose 2*b - 3 = b. Suppose -2*t = -29 + b. What are the prime factors of t?
13
Let y = -94 + 168. What are the prime factors of y?
2, 37
Suppose -2 = 2*p - 6. Let t be p/(-3) - 112/(-6). Suppose t = q + 2*q. What are the prime factors of q?
2, 3
Suppose -4*t = -1703 + 123. What are the prime factors of t?
5, 79
Suppose 3*m = 3*w + 102, -4*m - 3*w = -2*w - 156. Suppose 5*x - 3*j - m = 0, 5*j + 30 = x + 4*x. What are the prime factors of x?
2, 5
Let c(w) = w**3 - 3*w**2 - 6*w + 2. Let b be c(5). Let j = b - 8. What are the prime factors of j?
2, 7
Suppose 0 = -3*y + 5*s + 45, -2*s = -3*s. Let c = y + -5. What are the prime factors of c?
2, 5
Let h = -24 - -29. Suppose 0 + 14 = 3*q - 2*t, h*q + 4*t - 16 = 0. List the prime factors of q.
2
Suppose a - 5 = -3. Suppose -3*r - a*c - c = -72, c - 111 = -4*r. Let y = r + -11. What are the prime factors of y?
2, 3
Let a be 2*(-7)/(-2) + -2. Suppose 0 = 2*o - a*u - 44, 2*o - 32 = -u - 0. List the prime factors of o.
17
Suppose -6*j + 4*j + 236 = 0. List the prime factors of j.
2, 59
Let r(b) = b**2 + 2*b + 3. Let u(l) = -l**3 - 4*l**2 - 3*l - 1. Let i be u(-2). Let f be r(i). Suppose -3*d = -f*d + 57. What are the prime factors of d?
19
Suppose 180 = 4*v - 88. List the prime factors of v.
67
Suppose 0 = -2*d - 2*d. Suppose 0*a - a = d. Suppose a = 5*z + 40 - 105. List the prime factors of z.
13
Let m(q) = q - 3. Let n be m(5). Suppose 6*h - n*h = 136. List the prime factors of h.
2, 17
Suppose 0*k - 4*k + 12 = 0. What are the prime factors of 8 - 1*(k + -2)?
7
Let p = 465 - 277. What are the prime factors of p?
2, 47
Let y(d) = d**3 + 3*d**2 - d - 2. Let v be (0 + 1)*-2 + -1. Let a be y(v). Suppose -t + 5*f + 25 = 0, -f = t + a - 2. What are the prime factors of t?
5
Let j be (-18)/(-21) + (-3)/(-21). Let v = j - 5. Let d(u) = -4*u + 3. List the prime factors of d(v).
19
Let g = -2 + 6. Let t(v) = 2*v - 5. Let x be t(10). List the prime factors of (54/x)/(g/10).
3
Let j = 0 + 0. Let i = -40 - -45. Suppose -5*c - 22 = -i*r + 2*r, -2*r - 4*c = j. List the prime factors of r.
2
Suppose 4*l - 7*l + 12 = 0. Suppose 11 = f + 3*s - 4, -5*f - l*s = -64. List the prime factors of f.
2, 3
Suppose -n - 123 = -4*n. List the prime factors of n.
41
What are the prime factors of (-9)/3 + 100 + -2?
5, 19
Let i be ((-1)/2)/(2/(-12)). Let s = -6 + 9. Suppose -i*t - 2*t = s*j - 6, 0 = 5*j - 3*t - 44. What are the prime factors of j?
7
Suppose 4 = 4*v, 0*p - 3*v = 3*p - 81. What are the prime factors of p?
2, 13
Let o(j) = -4*j + 1. Let p(r) = -r**2 + 4*r + 3. Let a be p(5). What are the prime factors of o(